{"id":3184,"date":"2025-10-21T20:31:56","date_gmt":"2025-10-21T20:31:56","guid":{"rendered":"https:\/\/daco.al\/visitdurres\/atraksione\/shtegu-i-dyerve-te-vjetra\/"},"modified":"2025-10-21T20:31:56","modified_gmt":"2025-10-21T20:31:56","slug":"shtegu-i-dyerve-te-vjetra","status":"publish","type":"attraction","link":"https:\/\/daco.al\/visitdurres\/index.php\/atraksione\/shtegu-i-dyerve-te-vjetra\/","title":{"rendered":"Shtegu i Dyerve t\u00eb Vjetra"},"content":{"rendered":"<p>Shtegu i Dyerve t\u00eb Vjetra \u00ebsht\u00eb nj\u00eb projekt kulturor q\u00eb synon t\u00eb ruaj\u00eb dhe promovoj dyert historike t\u00eb qytetit t\u00eb Durr\u00ebsit. \u00c7do der\u00eb ka historin\u00eb e saj unike dhe tregon p\u00ebr familjet dhe ngjarjet q\u00eb kan\u00eb jetuar prapa saj. \u00cbsht\u00eb nj\u00eb m\u00ebnyr\u00eb unike p\u00ebr t\u00eb eksploruar historin\u00eb urbane t\u00eb Durr\u00ebsit.<\/p>\n","protected":false},"excerpt":{"rendered":"<p>Shtegu i Dyerve t\u00eb Vjetra \u00ebsht\u00eb nj\u00eb projekt kulturor q\u00eb synon t\u00eb ruaj\u00eb dhe promovoj dyert historike t\u00eb qytetit t\u00eb Durr\u00ebsit. \u00c7do der\u00eb ka historin\u00eb e saj unike dhe tregon&#8230;<\/p>\n","protected":false},"featured_media":3185,"comment_status":"open","ping_status":"closed","template":"","meta":{"_monsterinsights_skip_tracking":false,"_monsterinsights_sitenote_active":false,"_monsterinsights_sitenote_note":"","_monsterinsights_sitenote_category":0},"attraction_category":[],"location":[],"attraction_tag":[],"class_list":["post-3184","attraction","type-attraction","status-publish","has-post-thumbnail","hentry"],"yoast_head":"<!-- This site is optimized with the Yoast SEO plugin v26.3 - https:\/\/yoast.com\/wordpress\/plugins\/seo\/ -->\n<title>Shtegu i Dyerve t\u00eb Vjetra | Bashkia Durr\u00ebs - Faqja Zyrtare<\/title>\n<meta name=\"robots\" content=\"index, follow, max-snippet:-1, max-image-preview:large, max-video-preview:-1\" \/>\n<link rel=\"canonical\" href=\"https:\/\/daco.al\/visitdurres\/index.php\/atraksione\/shtegu-i-dyerve-te-vjetra\/\" \/>\n<meta property=\"og:locale\" content=\"en_US\" \/>\n<meta property=\"og:type\" content=\"article\" \/>\n<meta property=\"og:title\" content=\"Shtegu i Dyerve t\u00eb Vjetra | Bashkia Durr\u00ebs - Faqja Zyrtare\" \/>\n<meta property=\"og:description\" content=\"Shtegu i Dyerve t\u00eb Vjetra \u00ebsht\u00eb nj\u00eb projekt kulturor q\u00eb synon t\u00eb ruaj\u00eb dhe promovoj dyert historike t\u00eb qytetit t\u00eb Durr\u00ebsit. \u00c7do der\u00eb ka historin\u00eb e saj unike dhe tregon...\" \/>\n<meta property=\"og:url\" content=\"https:\/\/daco.al\/visitdurres\/index.php\/atraksione\/shtegu-i-dyerve-te-vjetra\/\" \/>\n<meta property=\"og:site_name\" content=\"Bashkia Durr\u00ebs - Faqja Zyrtare\" \/>\n<meta name=\"twitter:card\" content=\"summary_large_image\" \/>\n<script type=\"application\/ld+json\" class=\"yoast-schema-graph\">{\"@context\":\"https:\/\/schema.org\",\"@graph\":[{\"@type\":\"WebPage\",\"@id\":\"https:\/\/daco.al\/visitdurres\/index.php\/atraksione\/shtegu-i-dyerve-te-vjetra\/\",\"url\":\"https:\/\/daco.al\/visitdurres\/index.php\/atraksione\/shtegu-i-dyerve-te-vjetra\/\",\"name\":\"Shtegu i Dyerve t\u00eb Vjetra | Bashkia Durr\u00ebs - Faqja Zyrtare\",\"isPartOf\":{\"@id\":\"https:\/\/daco.al\/visitdurres\/#website\"},\"primaryImageOfPage\":{\"@id\":\"https:\/\/daco.al\/visitdurres\/index.php\/atraksione\/shtegu-i-dyerve-te-vjetra\/#primaryimage\"},\"image\":{\"@id\":\"https:\/\/daco.al\/visitdurres\/index.php\/atraksione\/shtegu-i-dyerve-te-vjetra\/#primaryimage\"},\"thumbnailUrl\":\"https:\/\/daco.al\/visitdurres\/wp-content\/uploads\/attraction-icons\/Shtegu-i-Dyerve-te-Vjetra-icon.svg\",\"datePublished\":\"2025-10-21T20:31:56+00:00\",\"breadcrumb\":{\"@id\":\"https:\/\/daco.al\/visitdurres\/index.php\/atraksione\/shtegu-i-dyerve-te-vjetra\/#breadcrumb\"},\"inLanguage\":\"en-US\",\"potentialAction\":[{\"@type\":\"ReadAction\",\"target\":[\"https:\/\/daco.al\/visitdurres\/index.php\/atraksione\/shtegu-i-dyerve-te-vjetra\/\"]}]},{\"@type\":\"ImageObject\",\"inLanguage\":\"en-US\",\"@id\":\"https:\/\/daco.al\/visitdurres\/index.php\/atraksione\/shtegu-i-dyerve-te-vjetra\/#primaryimage\",\"url\":\"https:\/\/daco.al\/visitdurres\/wp-content\/uploads\/attraction-icons\/Shtegu-i-Dyerve-te-Vjetra-icon.svg\",\"contentUrl\":\"https:\/\/daco.al\/visitdurres\/wp-content\/uploads\/attraction-icons\/Shtegu-i-Dyerve-te-Vjetra-icon.svg\"},{\"@type\":\"BreadcrumbList\",\"@id\":\"https:\/\/daco.al\/visitdurres\/index.php\/atraksione\/shtegu-i-dyerve-te-vjetra\/#breadcrumb\",\"itemListElement\":[{\"@type\":\"ListItem\",\"position\":1,\"name\":\"Home\",\"item\":\"https:\/\/daco.al\/visitdurres\/\"},{\"@type\":\"ListItem\",\"position\":2,\"name\":\"Atraksione\",\"item\":\"https:\/\/daco.al\/visitdurres\/index.php\/atraksione\/\"},{\"@type\":\"ListItem\",\"position\":3,\"name\":\"Shtegu i Dyerve t\u00eb Vjetra\"}]},{\"@type\":\"WebSite\",\"@id\":\"https:\/\/daco.al\/visitdurres\/#website\",\"url\":\"https:\/\/daco.al\/visitdurres\/\",\"name\":\"Visitdurres\",\"description\":\"Vizitoni Durresin\",\"publisher\":{\"@id\":\"https:\/\/daco.al\/visitdurres\/#organization\"},\"potentialAction\":[{\"@type\":\"SearchAction\",\"target\":{\"@type\":\"EntryPoint\",\"urlTemplate\":\"https:\/\/daco.al\/visitdurres\/?s={search_term_string}\"},\"query-input\":{\"@type\":\"PropertyValueSpecification\",\"valueRequired\":true,\"valueName\":\"search_term_string\"}}],\"inLanguage\":\"en-US\"},{\"@type\":\"Organization\",\"@id\":\"https:\/\/daco.al\/visitdurres\/#organization\",\"name\":\"Visitdurres\",\"url\":\"https:\/\/daco.al\/visitdurres\/\",\"logo\":{\"@type\":\"ImageObject\",\"inLanguage\":\"en-US\",\"@id\":\"https:\/\/daco.al\/visitdurres\/#\/schema\/logo\/image\/\",\"url\":\"https:\/\/daco.al\/visitdurres\/wp-content\/uploads\/2023\/07\/cropped-durres-logo-2.png\",\"contentUrl\":\"https:\/\/daco.al\/visitdurres\/wp-content\/uploads\/2023\/07\/cropped-durres-logo-2.png\",\"width\":456,\"height\":250,\"caption\":\"Visitdurres\"},\"image\":{\"@id\":\"https:\/\/daco.al\/visitdurres\/#\/schema\/logo\/image\/\"}}]}<\/script>\n<!-- \/ Yoast SEO plugin. -->","yoast_head_json":{"title":"Shtegu i Dyerve t\u00eb Vjetra | Bashkia Durr\u00ebs - Faqja Zyrtare","robots":{"index":"index","follow":"follow","max-snippet":"max-snippet:-1","max-image-preview":"max-image-preview:large","max-video-preview":"max-video-preview:-1"},"canonical":"https:\/\/daco.al\/visitdurres\/index.php\/atraksione\/shtegu-i-dyerve-te-vjetra\/","og_locale":"en_US","og_type":"article","og_title":"Shtegu i Dyerve t\u00eb Vjetra | Bashkia Durr\u00ebs - Faqja Zyrtare","og_description":"Shtegu i Dyerve t\u00eb Vjetra \u00ebsht\u00eb nj\u00eb projekt kulturor q\u00eb synon t\u00eb ruaj\u00eb dhe promovoj dyert historike t\u00eb qytetit t\u00eb Durr\u00ebsit. \u00c7do der\u00eb ka historin\u00eb e saj unike dhe tregon...","og_url":"https:\/\/daco.al\/visitdurres\/index.php\/atraksione\/shtegu-i-dyerve-te-vjetra\/","og_site_name":"Bashkia Durr\u00ebs - Faqja Zyrtare","twitter_card":"summary_large_image","schema":{"@context":"https:\/\/schema.org","@graph":[{"@type":"WebPage","@id":"https:\/\/daco.al\/visitdurres\/index.php\/atraksione\/shtegu-i-dyerve-te-vjetra\/","url":"https:\/\/daco.al\/visitdurres\/index.php\/atraksione\/shtegu-i-dyerve-te-vjetra\/","name":"Shtegu i Dyerve t\u00eb Vjetra | Bashkia Durr\u00ebs - Faqja Zyrtare","isPartOf":{"@id":"https:\/\/daco.al\/visitdurres\/#website"},"primaryImageOfPage":{"@id":"https:\/\/daco.al\/visitdurres\/index.php\/atraksione\/shtegu-i-dyerve-te-vjetra\/#primaryimage"},"image":{"@id":"https:\/\/daco.al\/visitdurres\/index.php\/atraksione\/shtegu-i-dyerve-te-vjetra\/#primaryimage"},"thumbnailUrl":"https:\/\/daco.al\/visitdurres\/wp-content\/uploads\/attraction-icons\/Shtegu-i-Dyerve-te-Vjetra-icon.svg","datePublished":"2025-10-21T20:31:56+00:00","breadcrumb":{"@id":"https:\/\/daco.al\/visitdurres\/index.php\/atraksione\/shtegu-i-dyerve-te-vjetra\/#breadcrumb"},"inLanguage":"en-US","potentialAction":[{"@type":"ReadAction","target":["https:\/\/daco.al\/visitdurres\/index.php\/atraksione\/shtegu-i-dyerve-te-vjetra\/"]}]},{"@type":"ImageObject","inLanguage":"en-US","@id":"https:\/\/daco.al\/visitdurres\/index.php\/atraksione\/shtegu-i-dyerve-te-vjetra\/#primaryimage","url":"https:\/\/daco.al\/visitdurres\/wp-content\/uploads\/attraction-icons\/Shtegu-i-Dyerve-te-Vjetra-icon.svg","contentUrl":"https:\/\/daco.al\/visitdurres\/wp-content\/uploads\/attraction-icons\/Shtegu-i-Dyerve-te-Vjetra-icon.svg"},{"@type":"BreadcrumbList","@id":"https:\/\/daco.al\/visitdurres\/index.php\/atraksione\/shtegu-i-dyerve-te-vjetra\/#breadcrumb","itemListElement":[{"@type":"ListItem","position":1,"name":"Home","item":"https:\/\/daco.al\/visitdurres\/"},{"@type":"ListItem","position":2,"name":"Atraksione","item":"https:\/\/daco.al\/visitdurres\/index.php\/atraksione\/"},{"@type":"ListItem","position":3,"name":"Shtegu i Dyerve t\u00eb Vjetra"}]},{"@type":"WebSite","@id":"https:\/\/daco.al\/visitdurres\/#website","url":"https:\/\/daco.al\/visitdurres\/","name":"Visitdurres","description":"Vizitoni Durresin","publisher":{"@id":"https:\/\/daco.al\/visitdurres\/#organization"},"potentialAction":[{"@type":"SearchAction","target":{"@type":"EntryPoint","urlTemplate":"https:\/\/daco.al\/visitdurres\/?s={search_term_string}"},"query-input":{"@type":"PropertyValueSpecification","valueRequired":true,"valueName":"search_term_string"}}],"inLanguage":"en-US"},{"@type":"Organization","@id":"https:\/\/daco.al\/visitdurres\/#organization","name":"Visitdurres","url":"https:\/\/daco.al\/visitdurres\/","logo":{"@type":"ImageObject","inLanguage":"en-US","@id":"https:\/\/daco.al\/visitdurres\/#\/schema\/logo\/image\/","url":"https:\/\/daco.al\/visitdurres\/wp-content\/uploads\/2023\/07\/cropped-durres-logo-2.png","contentUrl":"https:\/\/daco.al\/visitdurres\/wp-content\/uploads\/2023\/07\/cropped-durres-logo-2.png","width":456,"height":250,"caption":"Visitdurres"},"image":{"@id":"https:\/\/daco.al\/visitdurres\/#\/schema\/logo\/image\/"}}]}},"_links":{"self":[{"href":"https:\/\/daco.al\/visitdurres\/index.php\/wp-json\/wp\/v2\/attraction\/3184","targetHints":{"allow":["GET"]}}],"collection":[{"href":"https:\/\/daco.al\/visitdurres\/index.php\/wp-json\/wp\/v2\/attraction"}],"about":[{"href":"https:\/\/daco.al\/visitdurres\/index.php\/wp-json\/wp\/v2\/types\/attraction"}],"replies":[{"embeddable":true,"href":"https:\/\/daco.al\/visitdurres\/index.php\/wp-json\/wp\/v2\/comments?post=3184"}],"wp:featuredmedia":[{"embeddable":true,"href":"https:\/\/daco.al\/visitdurres\/index.php\/wp-json\/wp\/v2\/media\/3185"}],"wp:attachment":[{"href":"https:\/\/daco.al\/visitdurres\/index.php\/wp-json\/wp\/v2\/media?parent=3184"}],"wp:term":[{"taxonomy":"attraction_category","embeddable":true,"href":"https:\/\/daco.al\/visitdurres\/index.php\/wp-json\/wp\/v2\/attraction_category?post=3184"},{"taxonomy":"location","embeddable":true,"href":"https:\/\/daco.al\/visitdurres\/index.php\/wp-json\/wp\/v2\/location?post=3184"},{"taxonomy":"attraction_tag","embeddable":true,"href":"https:\/\/daco.al\/visitdurres\/index.php\/wp-json\/wp\/v2\/attraction_tag?post=3184"}],"curies":[{"name":"wp","href":"https:\/\/api.w.org\/{rel}","templated":true}]}}

Shtegu i Dyerve të Vjetra

<p>Shtegu i Dyerve të Vjetra është një projekt kulturor që synon të ruajë dhe promovoj dyert historike të qytetit të Durrësit. Çdo derë ka historinë e saj unike dhe tregon për familjet dhe ngjarjet që kanë jetuar prapa saj. Është një mënyrë unike për të eksploruar historinë urbane të Durrësit.</p>

<p>Shtegu i Dyerve të Vjetra është një projekt kulturor që synon të ruajë dhe promovoj dyert historike të qytetit të Durrësit. Çdo derë ka historinë e saj unike dhe tregon&#8230;</p>

<!-- This site is optimized with the Yoast SEO plugin v26.3 - https://yoast.com/wordpress/plugins/seo/ -->
<title>Shtegu i Dyerve të Vjetra | Bashkia Durrës - Faqja Zyrtare</title>
<meta name="robots" content="index, follow, max-snippet:-1, max-image-preview:large, max-video-preview:-1" />
<link rel="canonical" href="https://daco.al/visitdurres/index.php/atraksione/shtegu-i-dyerve-te-vjetra/" />
<meta property="og:locale" content="en_US" />
<meta property="og:type" content="article" />
<meta property="og:title" content="Shtegu i Dyerve të Vjetra | Bashkia Durrës - Faqja Zyrtare" />
<meta property="og:description" content="Shtegu i Dyerve të Vjetra është një projekt kulturor që synon të ruajë dhe promovoj dyert historike të qytetit të Durrësit. Çdo derë ka historinë e saj unike dhe tregon..." />
<meta property="og:url" content="https://daco.al/visitdurres/index.php/atraksione/shtegu-i-dyerve-te-vjetra/" />
<meta property="og:site_name" content="Bashkia Durrës - Faqja Zyrtare" />
<meta name="twitter:card" content="summary_large_image" />
<script type="application/ld+json" class="yoast-schema-graph">{"@context":"https://schema.org","@graph":[{"@type":"WebPage","@id":"https://daco.al/visitdurres/index.php/atraksione/shtegu-i-dyerve-te-vjetra/","url":"https://daco.al/visitdurres/index.php/atraksione/shtegu-i-dyerve-te-vjetra/","name":"Shtegu i Dyerve të Vjetra | Bashkia Durrës - Faqja Zyrtare","isPartOf":{"@id":"https://daco.al/visitdurres/#website"},"primaryImageOfPage":{"@id":"https://daco.al/visitdurres/index.php/atraksione/shtegu-i-dyerve-te-vjetra/#primaryimage"},"image":{"@id":"https://daco.al/visitdurres/index.php/atraksione/shtegu-i-dyerve-te-vjetra/#primaryimage"},"thumbnailUrl":"https://daco.al/visitdurres/wp-content/uploads/attraction-icons/Shtegu-i-Dyerve-te-Vjetra-icon.svg","datePublished":"2025-10-21T20:31:56+00:00","breadcrumb":{"@id":"https://daco.al/visitdurres/index.php/atraksione/shtegu-i-dyerve-te-vjetra/#breadcrumb"},"inLanguage":"en-US","potentialAction":[{"@type":"ReadAction","target":["https://daco.al/visitdurres/index.php/atraksione/shtegu-i-dyerve-te-vjetra/"]}]},{"@type":"ImageObject","inLanguage":"en-US","@id":"https://daco.al/visitdurres/index.php/atraksione/shtegu-i-dyerve-te-vjetra/#primaryimage","url":"https://daco.al/visitdurres/wp-content/uploads/attraction-icons/Shtegu-i-Dyerve-te-Vjetra-icon.svg","contentUrl":"https://daco.al/visitdurres/wp-content/uploads/attraction-icons/Shtegu-i-Dyerve-te-Vjetra-icon.svg"},{"@type":"BreadcrumbList","@id":"https://daco.al/visitdurres/index.php/atraksione/shtegu-i-dyerve-te-vjetra/#breadcrumb","itemListElement":[{"@type":"ListItem","position":1,"name":"Home","item":"https://daco.al/visitdurres/"},{"@type":"ListItem","position":2,"name":"Atraksione","item":"https://daco.al/visitdurres/index.php/atraksione/"},{"@type":"ListItem","position":3,"name":"Shtegu i Dyerve të Vjetra"}]},{"@type":"WebSite","@id":"https://daco.al/visitdurres/#website","url":"https://daco.al/visitdurres/","name":"Visitdurres","description":"Vizitoni Durresin","publisher":{"@id":"https://daco.al/visitdurres/#organization"},"potentialAction":[{"@type":"SearchAction","target":{"@type":"EntryPoint","urlTemplate":"https://daco.al/visitdurres/?s={search_term_string}"},"query-input":{"@type":"PropertyValueSpecification","valueRequired":true,"valueName":"search_term_string"}}],"inLanguage":"en-US"},{"@type":"Organization","@id":"https://daco.al/visitdurres/#organization","name":"Visitdurres","url":"https://daco.al/visitdurres/","logo":{"@type":"ImageObject","inLanguage":"en-US","@id":"https://daco.al/visitdurres/#/schema/logo/image/","url":"https://daco.al/visitdurres/wp-content/uploads/2023/07/cropped-durres-logo-2.png","contentUrl":"https://daco.al/visitdurres/wp-content/uploads/2023/07/cropped-durres-logo-2.png","width":456,"height":250,"caption":"Visitdurres"},"image":{"@id":"https://daco.al/visitdurres/#/schema/logo/image/"}}]}</script>
<!-- / Yoast SEO plugin. -->

Shtegu i Dyerve të Vjetra | Bashkia Durrës - Faqja Zyrtare

Shtegu i Dyerve të Vjetra është një projekt kulturor që synon të ruajë dhe promovoj dyert historike të qytetit të Durrësit. Çdo derë ka historinë e saj unike dhe tregon...

Bashkia Durrës - Faqja Zyrtare
