{"id":3279,"date":"2025-11-13T11:06:04","date_gmt":"2025-11-13T11:06:04","guid":{"rendered":"https:\/\/daco.al\/visitdurres\/?post_type=beach&#038;p=3279"},"modified":"2025-11-13T11:06:07","modified_gmt":"2025-11-13T11:06:07","slug":"plazhi-i-kallmit-2","status":"publish","type":"beach","link":"https:\/\/daco.al\/visitdurres\/index.php\/plazhe\/plazhi-i-kallmit-2\/","title":{"rendered":"Plazhi i Kallmit"},"content":{"rendered":"\n<p>Plazhi i Kallmit \u00ebsht\u00eb nj\u00eb nga plazhet m\u00eb t\u00eb m\u00ebdha dhe m\u00eb t\u00eb popullarizuara t\u00eb Durr\u00ebsit, i njohur p\u00ebr r\u00ebr\u00ebn e tij t\u00eb im\u00ebt dhe t\u00eb art\u00eb dhe uj\u00ebrat e qeta. Ky plazh ofron nj\u00eb hap\u00ebsir\u00eb t\u00eb gjer\u00eb p\u00ebr pushuesit q\u00eb k\u00ebrkojn\u00eb nj\u00eb eksperienc\u00eb t\u00eb rehatshme dhe t\u00eb qet\u00eb.<\/p>\n\n\n\n<p>Zona e Kallmit \u00ebsht\u00eb e pajisur me shum\u00eb struktura hoteliere moderne dhe komplekse pushimi q\u00eb ofrojn\u00eb sh\u00ebrbime t\u00eb plota p\u00ebr vizitor\u00ebt. Plazhi \u00ebsht\u00eb i past\u00ebr dhe i mir\u00ebmbajtur, me sh\u00ebrbime sanitare dhe sigurie t\u00eb garantuara.<\/p>\n\n\n\n<p>Kallmi \u00ebsht\u00eb gjithashtu i famsh\u00ebm p\u00ebr peizazhin e tij t\u00eb bukur, me pem\u00eb pinash q\u00eb ofrojn\u00eb hije natyrale dhe nj\u00eb ambient t\u00eb k\u00ebndsh\u00ebm. \u00cbsht\u00eb nj\u00eb destinacion i p\u00ebrsosur p\u00ebr familjet q\u00eb k\u00ebrkojn\u00eb paqe dhe relaksim.<\/p>\n\n\n\n<figure class=\"wp-block-image size-large\"><img loading=\"lazy\" decoding=\"async\" width=\"1024\" height=\"768\" src=\"https:\/\/daco.al\/visitdurres\/wp-content\/uploads\/2025\/11\/Plazhi-i-Kallmit-ne-Durres-scaled-1-1024x768.jpg\" alt=\"\" class=\"wp-image-3281\" srcset=\"https:\/\/daco.al\/visitdurres\/wp-content\/uploads\/2025\/11\/Plazhi-i-Kallmit-ne-Durres-scaled-1-1024x768.jpg 1024w, https:\/\/daco.al\/visitdurres\/wp-content\/uploads\/2025\/11\/Plazhi-i-Kallmit-ne-Durres-scaled-1-300x225.jpg 300w, https:\/\/daco.al\/visitdurres\/wp-content\/uploads\/2025\/11\/Plazhi-i-Kallmit-ne-Durres-scaled-1-768x576.jpg 768w, https:\/\/daco.al\/visitdurres\/wp-content\/uploads\/2025\/11\/Plazhi-i-Kallmit-ne-Durres-scaled-1-1536x1152.jpg 1536w, https:\/\/daco.al\/visitdurres\/wp-content\/uploads\/2025\/11\/Plazhi-i-Kallmit-ne-Durres-scaled-1-2048x1536.jpg 2048w, https:\/\/daco.al\/visitdurres\/wp-content\/uploads\/2025\/11\/Plazhi-i-Kallmit-ne-Durres-scaled-1-800x600.jpg 800w, https:\/\/daco.al\/visitdurres\/wp-content\/uploads\/2025\/11\/Plazhi-i-Kallmit-ne-Durres-scaled-1-400x300.jpg 400w\" sizes=\"auto, (max-width: 1024px) 100vw, 1024px\" \/><\/figure>\n","protected":false},"excerpt":{"rendered":"<p>Plazhi i Kallmit \u00ebsht\u00eb nj\u00eb nga plazhet m\u00eb t\u00eb m\u00ebdha dhe m\u00eb t\u00eb popullarizuara t\u00eb Durr\u00ebsit, i njohur p\u00ebr r\u00ebr\u00ebn e tij t\u00eb im\u00ebt dhe t\u00eb art\u00eb dhe uj\u00ebrat e&#8230;<\/p>\n","protected":false},"featured_media":3280,"template":"","meta":{"_monsterinsights_skip_tracking":false,"_monsterinsights_sitenote_active":false,"_monsterinsights_sitenote_note":"","_monsterinsights_sitenote_category":0},"location":[],"class_list":["post-3279","beach","type-beach","status-publish","has-post-thumbnail","hentry"],"yoast_head":"<!-- This site is optimized with the Yoast SEO plugin v26.3 - https:\/\/yoast.com\/wordpress\/plugins\/seo\/ -->\n<title>Plazhi i Kallmit | Bashkia Durr\u00ebs - Faqja Zyrtare<\/title>\n<meta name=\"robots\" content=\"index, follow, max-snippet:-1, max-image-preview:large, max-video-preview:-1\" \/>\n<link rel=\"canonical\" href=\"https:\/\/daco.al\/visitdurres\/index.php\/plazhe\/plazhi-i-kallmit-2\/\" \/>\n<meta property=\"og:locale\" content=\"en_US\" \/>\n<meta property=\"og:type\" content=\"article\" \/>\n<meta property=\"og:title\" content=\"Plazhi i Kallmit | Bashkia Durr\u00ebs - Faqja Zyrtare\" \/>\n<meta property=\"og:description\" content=\"Plazhi i Kallmit \u00ebsht\u00eb nj\u00eb nga plazhet m\u00eb t\u00eb m\u00ebdha dhe m\u00eb t\u00eb popullarizuara t\u00eb Durr\u00ebsit, i njohur p\u00ebr r\u00ebr\u00ebn e tij t\u00eb im\u00ebt dhe t\u00eb art\u00eb dhe uj\u00ebrat e...\" \/>\n<meta property=\"og:url\" content=\"https:\/\/daco.al\/visitdurres\/index.php\/plazhe\/plazhi-i-kallmit-2\/\" \/>\n<meta property=\"og:site_name\" content=\"Bashkia Durr\u00ebs - Faqja Zyrtare\" \/>\n<meta property=\"article:modified_time\" content=\"2025-11-13T11:06:07+00:00\" \/>\n<meta property=\"og:image\" content=\"https:\/\/daco.al\/visitdurres\/wp-content\/uploads\/2025\/11\/kallmi-min.jpg\" \/>\n\t<meta property=\"og:image:width\" content=\"1145\" \/>\n\t<meta property=\"og:image:height\" content=\"858\" \/>\n\t<meta property=\"og:image:type\" content=\"image\/jpeg\" \/>\n<meta name=\"twitter:card\" content=\"summary_large_image\" \/>\n<meta name=\"twitter:label1\" content=\"Est. reading time\" \/>\n\t<meta name=\"twitter:data1\" content=\"1 minute\" \/>\n<script type=\"application\/ld+json\" class=\"yoast-schema-graph\">{\"@context\":\"https:\/\/schema.org\",\"@graph\":[{\"@type\":\"WebPage\",\"@id\":\"https:\/\/daco.al\/visitdurres\/index.php\/plazhe\/plazhi-i-kallmit-2\/\",\"url\":\"https:\/\/daco.al\/visitdurres\/index.php\/plazhe\/plazhi-i-kallmit-2\/\",\"name\":\"Plazhi i Kallmit | Bashkia Durr\u00ebs - Faqja Zyrtare\",\"isPartOf\":{\"@id\":\"https:\/\/daco.al\/visitdurres\/#website\"},\"primaryImageOfPage\":{\"@id\":\"https:\/\/daco.al\/visitdurres\/index.php\/plazhe\/plazhi-i-kallmit-2\/#primaryimage\"},\"image\":{\"@id\":\"https:\/\/daco.al\/visitdurres\/index.php\/plazhe\/plazhi-i-kallmit-2\/#primaryimage\"},\"thumbnailUrl\":\"https:\/\/daco.al\/visitdurres\/wp-content\/uploads\/2025\/11\/kallmi-min.jpg\",\"datePublished\":\"2025-11-13T11:06:04+00:00\",\"dateModified\":\"2025-11-13T11:06:07+00:00\",\"breadcrumb\":{\"@id\":\"https:\/\/daco.al\/visitdurres\/index.php\/plazhe\/plazhi-i-kallmit-2\/#breadcrumb\"},\"inLanguage\":\"en-US\",\"potentialAction\":[{\"@type\":\"ReadAction\",\"target\":[\"https:\/\/daco.al\/visitdurres\/index.php\/plazhe\/plazhi-i-kallmit-2\/\"]}]},{\"@type\":\"ImageObject\",\"inLanguage\":\"en-US\",\"@id\":\"https:\/\/daco.al\/visitdurres\/index.php\/plazhe\/plazhi-i-kallmit-2\/#primaryimage\",\"url\":\"https:\/\/daco.al\/visitdurres\/wp-content\/uploads\/2025\/11\/kallmi-min.jpg\",\"contentUrl\":\"https:\/\/daco.al\/visitdurres\/wp-content\/uploads\/2025\/11\/kallmi-min.jpg\",\"width\":1145,\"height\":858},{\"@type\":\"BreadcrumbList\",\"@id\":\"https:\/\/daco.al\/visitdurres\/index.php\/plazhe\/plazhi-i-kallmit-2\/#breadcrumb\",\"itemListElement\":[{\"@type\":\"ListItem\",\"position\":1,\"name\":\"Home\",\"item\":\"https:\/\/daco.al\/visitdurres\/\"},{\"@type\":\"ListItem\",\"position\":2,\"name\":\"Plazhe\",\"item\":\"https:\/\/daco.al\/visitdurres\/index.php\/plazhe\/\"},{\"@type\":\"ListItem\",\"position\":3,\"name\":\"Plazhi i Kallmit\"}]},{\"@type\":\"WebSite\",\"@id\":\"https:\/\/daco.al\/visitdurres\/#website\",\"url\":\"https:\/\/daco.al\/visitdurres\/\",\"name\":\"Visitdurres\",\"description\":\"Vizitoni Durresin\",\"publisher\":{\"@id\":\"https:\/\/daco.al\/visitdurres\/#organization\"},\"potentialAction\":[{\"@type\":\"SearchAction\",\"target\":{\"@type\":\"EntryPoint\",\"urlTemplate\":\"https:\/\/daco.al\/visitdurres\/?s={search_term_string}\"},\"query-input\":{\"@type\":\"PropertyValueSpecification\",\"valueRequired\":true,\"valueName\":\"search_term_string\"}}],\"inLanguage\":\"en-US\"},{\"@type\":\"Organization\",\"@id\":\"https:\/\/daco.al\/visitdurres\/#organization\",\"name\":\"Visitdurres\",\"url\":\"https:\/\/daco.al\/visitdurres\/\",\"logo\":{\"@type\":\"ImageObject\",\"inLanguage\":\"en-US\",\"@id\":\"https:\/\/daco.al\/visitdurres\/#\/schema\/logo\/image\/\",\"url\":\"https:\/\/daco.al\/visitdurres\/wp-content\/uploads\/2023\/07\/cropped-durres-logo-2.png\",\"contentUrl\":\"https:\/\/daco.al\/visitdurres\/wp-content\/uploads\/2023\/07\/cropped-durres-logo-2.png\",\"width\":456,\"height\":250,\"caption\":\"Visitdurres\"},\"image\":{\"@id\":\"https:\/\/daco.al\/visitdurres\/#\/schema\/logo\/image\/\"}}]}<\/script>\n<!-- \/ Yoast SEO plugin. -->","yoast_head_json":{"title":"Plazhi i Kallmit | Bashkia Durr\u00ebs - Faqja Zyrtare","robots":{"index":"index","follow":"follow","max-snippet":"max-snippet:-1","max-image-preview":"max-image-preview:large","max-video-preview":"max-video-preview:-1"},"canonical":"https:\/\/daco.al\/visitdurres\/index.php\/plazhe\/plazhi-i-kallmit-2\/","og_locale":"en_US","og_type":"article","og_title":"Plazhi i Kallmit | Bashkia Durr\u00ebs - Faqja Zyrtare","og_description":"Plazhi i Kallmit \u00ebsht\u00eb nj\u00eb nga plazhet m\u00eb t\u00eb m\u00ebdha dhe m\u00eb t\u00eb popullarizuara t\u00eb Durr\u00ebsit, i njohur p\u00ebr r\u00ebr\u00ebn e tij t\u00eb im\u00ebt dhe t\u00eb art\u00eb dhe uj\u00ebrat e...","og_url":"https:\/\/daco.al\/visitdurres\/index.php\/plazhe\/plazhi-i-kallmit-2\/","og_site_name":"Bashkia Durr\u00ebs - Faqja Zyrtare","article_modified_time":"2025-11-13T11:06:07+00:00","og_image":[{"width":1145,"height":858,"url":"https:\/\/daco.al\/visitdurres\/wp-content\/uploads\/2025\/11\/kallmi-min.jpg","type":"image\/jpeg"}],"twitter_card":"summary_large_image","twitter_misc":{"Est. reading time":"1 minute"},"schema":{"@context":"https:\/\/schema.org","@graph":[{"@type":"WebPage","@id":"https:\/\/daco.al\/visitdurres\/index.php\/plazhe\/plazhi-i-kallmit-2\/","url":"https:\/\/daco.al\/visitdurres\/index.php\/plazhe\/plazhi-i-kallmit-2\/","name":"Plazhi i Kallmit | Bashkia Durr\u00ebs - Faqja Zyrtare","isPartOf":{"@id":"https:\/\/daco.al\/visitdurres\/#website"},"primaryImageOfPage":{"@id":"https:\/\/daco.al\/visitdurres\/index.php\/plazhe\/plazhi-i-kallmit-2\/#primaryimage"},"image":{"@id":"https:\/\/daco.al\/visitdurres\/index.php\/plazhe\/plazhi-i-kallmit-2\/#primaryimage"},"thumbnailUrl":"https:\/\/daco.al\/visitdurres\/wp-content\/uploads\/2025\/11\/kallmi-min.jpg","datePublished":"2025-11-13T11:06:04+00:00","dateModified":"2025-11-13T11:06:07+00:00","breadcrumb":{"@id":"https:\/\/daco.al\/visitdurres\/index.php\/plazhe\/plazhi-i-kallmit-2\/#breadcrumb"},"inLanguage":"en-US","potentialAction":[{"@type":"ReadAction","target":["https:\/\/daco.al\/visitdurres\/index.php\/plazhe\/plazhi-i-kallmit-2\/"]}]},{"@type":"ImageObject","inLanguage":"en-US","@id":"https:\/\/daco.al\/visitdurres\/index.php\/plazhe\/plazhi-i-kallmit-2\/#primaryimage","url":"https:\/\/daco.al\/visitdurres\/wp-content\/uploads\/2025\/11\/kallmi-min.jpg","contentUrl":"https:\/\/daco.al\/visitdurres\/wp-content\/uploads\/2025\/11\/kallmi-min.jpg","width":1145,"height":858},{"@type":"BreadcrumbList","@id":"https:\/\/daco.al\/visitdurres\/index.php\/plazhe\/plazhi-i-kallmit-2\/#breadcrumb","itemListElement":[{"@type":"ListItem","position":1,"name":"Home","item":"https:\/\/daco.al\/visitdurres\/"},{"@type":"ListItem","position":2,"name":"Plazhe","item":"https:\/\/daco.al\/visitdurres\/index.php\/plazhe\/"},{"@type":"ListItem","position":3,"name":"Plazhi i Kallmit"}]},{"@type":"WebSite","@id":"https:\/\/daco.al\/visitdurres\/#website","url":"https:\/\/daco.al\/visitdurres\/","name":"Visitdurres","description":"Vizitoni Durresin","publisher":{"@id":"https:\/\/daco.al\/visitdurres\/#organization"},"potentialAction":[{"@type":"SearchAction","target":{"@type":"EntryPoint","urlTemplate":"https:\/\/daco.al\/visitdurres\/?s={search_term_string}"},"query-input":{"@type":"PropertyValueSpecification","valueRequired":true,"valueName":"search_term_string"}}],"inLanguage":"en-US"},{"@type":"Organization","@id":"https:\/\/daco.al\/visitdurres\/#organization","name":"Visitdurres","url":"https:\/\/daco.al\/visitdurres\/","logo":{"@type":"ImageObject","inLanguage":"en-US","@id":"https:\/\/daco.al\/visitdurres\/#\/schema\/logo\/image\/","url":"https:\/\/daco.al\/visitdurres\/wp-content\/uploads\/2023\/07\/cropped-durres-logo-2.png","contentUrl":"https:\/\/daco.al\/visitdurres\/wp-content\/uploads\/2023\/07\/cropped-durres-logo-2.png","width":456,"height":250,"caption":"Visitdurres"},"image":{"@id":"https:\/\/daco.al\/visitdurres\/#\/schema\/logo\/image\/"}}]}},"_links":{"self":[{"href":"https:\/\/daco.al\/visitdurres\/index.php\/wp-json\/wp\/v2\/beach\/3279","targetHints":{"allow":["GET"]}}],"collection":[{"href":"https:\/\/daco.al\/visitdurres\/index.php\/wp-json\/wp\/v2\/beach"}],"about":[{"href":"https:\/\/daco.al\/visitdurres\/index.php\/wp-json\/wp\/v2\/types\/beach"}],"wp:featuredmedia":[{"embeddable":true,"href":"https:\/\/daco.al\/visitdurres\/index.php\/wp-json\/wp\/v2\/media\/3280"}],"wp:attachment":[{"href":"https:\/\/daco.al\/visitdurres\/index.php\/wp-json\/wp\/v2\/media?parent=3279"}],"wp:term":[{"taxonomy":"location","embeddable":true,"href":"https:\/\/daco.al\/visitdurres\/index.php\/wp-json\/wp\/v2\/location?post=3279"}],"curies":[{"name":"wp","href":"https:\/\/api.w.org\/{rel}","templated":true}]}}

<p>Plazhi i Kallmit është një nga plazhet më të mëdha dhe më të popullarizuara të Durrësit, i njohur për rërën e tij të imët dhe të artë dhe ujërat e qeta. Ky plazh ofron një hapësirë të gjerë për pushuesit që kërkojnë një eksperiencë të rehatshme dhe të qetë.</p>



<p>Zona e Kallmit është e pajisur me shumë struktura hoteliere moderne dhe komplekse pushimi që ofrojnë shërbime të plota për vizitorët. Plazhi është i pastër dhe i mirëmbajtur, me shërbime sanitare dhe sigurie të garantuara.</p>



<p>Kallmi është gjithashtu i famshëm për peizazhin e tij të bukur, me pemë pinash që ofrojnë hije natyrale dhe një ambient të këndshëm. Është një destinacion i përsosur për familjet që kërkojnë paqe dhe relaksim.</p>



<figure class="wp-block-image size-large"><img loading="lazy" decoding="async" width="1024" height="768" src="https://daco.al/visitdurres/wp-content/uploads/2025/11/Plazhi-i-Kallmit-ne-Durres-scaled-1-1024x768.jpg" alt="" class="wp-image-3281" srcset="https://daco.al/visitdurres/wp-content/uploads/2025/11/Plazhi-i-Kallmit-ne-Durres-scaled-1-1024x768.jpg 1024w, https://daco.al/visitdurres/wp-content/uploads/2025/11/Plazhi-i-Kallmit-ne-Durres-scaled-1-300x225.jpg 300w, https://daco.al/visitdurres/wp-content/uploads/2025/11/Plazhi-i-Kallmit-ne-Durres-scaled-1-768x576.jpg 768w, https://daco.al/visitdurres/wp-content/uploads/2025/11/Plazhi-i-Kallmit-ne-Durres-scaled-1-1536x1152.jpg 1536w, https://daco.al/visitdurres/wp-content/uploads/2025/11/Plazhi-i-Kallmit-ne-Durres-scaled-1-2048x1536.jpg 2048w, https://daco.al/visitdurres/wp-content/uploads/2025/11/Plazhi-i-Kallmit-ne-Durres-scaled-1-800x600.jpg 800w, https://daco.al/visitdurres/wp-content/uploads/2025/11/Plazhi-i-Kallmit-ne-Durres-scaled-1-400x300.jpg 400w" sizes="auto, (max-width: 1024px) 100vw, 1024px" /></figure>

<p>Plazhi i Kallmit është një nga plazhet më të mëdha dhe më të popullarizuara të Durrësit, i njohur për rërën e tij të imët dhe të artë dhe ujërat e&#8230;</p>

<!-- This site is optimized with the Yoast SEO plugin v26.3 - https://yoast.com/wordpress/plugins/seo/ -->
<title>Plazhi i Kallmit | Bashkia Durrës - Faqja Zyrtare</title>
<meta name="robots" content="index, follow, max-snippet:-1, max-image-preview:large, max-video-preview:-1" />
<link rel="canonical" href="https://daco.al/visitdurres/index.php/plazhe/plazhi-i-kallmit-2/" />
<meta property="og:locale" content="en_US" />
<meta property="og:type" content="article" />
<meta property="og:title" content="Plazhi i Kallmit | Bashkia Durrës - Faqja Zyrtare" />
<meta property="og:description" content="Plazhi i Kallmit është një nga plazhet më të mëdha dhe më të popullarizuara të Durrësit, i njohur për rërën e tij të imët dhe të artë dhe ujërat e..." />
<meta property="og:url" content="https://daco.al/visitdurres/index.php/plazhe/plazhi-i-kallmit-2/" />
<meta property="og:site_name" content="Bashkia Durrës - Faqja Zyrtare" />
<meta property="article:modified_time" content="2025-11-13T11:06:07+00:00" />
<meta property="og:image" content="https://daco.al/visitdurres/wp-content/uploads/2025/11/kallmi-min.jpg" />
	<meta property="og:image:width" content="1145" />
	<meta property="og:image:height" content="858" />
	<meta property="og:image:type" content="image/jpeg" />
<meta name="twitter:card" content="summary_large_image" />
<meta name="twitter:label1" content="Est. reading time" />
	<meta name="twitter:data1" content="1 minute" />
<script type="application/ld+json" class="yoast-schema-graph">{"@context":"https://schema.org","@graph":[{"@type":"WebPage","@id":"https://daco.al/visitdurres/index.php/plazhe/plazhi-i-kallmit-2/","url":"https://daco.al/visitdurres/index.php/plazhe/plazhi-i-kallmit-2/","name":"Plazhi i Kallmit | Bashkia Durrës - Faqja Zyrtare","isPartOf":{"@id":"https://daco.al/visitdurres/#website"},"primaryImageOfPage":{"@id":"https://daco.al/visitdurres/index.php/plazhe/plazhi-i-kallmit-2/#primaryimage"},"image":{"@id":"https://daco.al/visitdurres/index.php/plazhe/plazhi-i-kallmit-2/#primaryimage"},"thumbnailUrl":"https://daco.al/visitdurres/wp-content/uploads/2025/11/kallmi-min.jpg","datePublished":"2025-11-13T11:06:04+00:00","dateModified":"2025-11-13T11:06:07+00:00","breadcrumb":{"@id":"https://daco.al/visitdurres/index.php/plazhe/plazhi-i-kallmit-2/#breadcrumb"},"inLanguage":"en-US","potentialAction":[{"@type":"ReadAction","target":["https://daco.al/visitdurres/index.php/plazhe/plazhi-i-kallmit-2/"]}]},{"@type":"ImageObject","inLanguage":"en-US","@id":"https://daco.al/visitdurres/index.php/plazhe/plazhi-i-kallmit-2/#primaryimage","url":"https://daco.al/visitdurres/wp-content/uploads/2025/11/kallmi-min.jpg","contentUrl":"https://daco.al/visitdurres/wp-content/uploads/2025/11/kallmi-min.jpg","width":1145,"height":858},{"@type":"BreadcrumbList","@id":"https://daco.al/visitdurres/index.php/plazhe/plazhi-i-kallmit-2/#breadcrumb","itemListElement":[{"@type":"ListItem","position":1,"name":"Home","item":"https://daco.al/visitdurres/"},{"@type":"ListItem","position":2,"name":"Plazhe","item":"https://daco.al/visitdurres/index.php/plazhe/"},{"@type":"ListItem","position":3,"name":"Plazhi i Kallmit"}]},{"@type":"WebSite","@id":"https://daco.al/visitdurres/#website","url":"https://daco.al/visitdurres/","name":"Visitdurres","description":"Vizitoni Durresin","publisher":{"@id":"https://daco.al/visitdurres/#organization"},"potentialAction":[{"@type":"SearchAction","target":{"@type":"EntryPoint","urlTemplate":"https://daco.al/visitdurres/?s={search_term_string}"},"query-input":{"@type":"PropertyValueSpecification","valueRequired":true,"valueName":"search_term_string"}}],"inLanguage":"en-US"},{"@type":"Organization","@id":"https://daco.al/visitdurres/#organization","name":"Visitdurres","url":"https://daco.al/visitdurres/","logo":{"@type":"ImageObject","inLanguage":"en-US","@id":"https://daco.al/visitdurres/#/schema/logo/image/","url":"https://daco.al/visitdurres/wp-content/uploads/2023/07/cropped-durres-logo-2.png","contentUrl":"https://daco.al/visitdurres/wp-content/uploads/2023/07/cropped-durres-logo-2.png","width":456,"height":250,"caption":"Visitdurres"},"image":{"@id":"https://daco.al/visitdurres/#/schema/logo/image/"}}]}</script>
<!-- / Yoast SEO plugin. -->

Plazhi i Kallmit | Bashkia Durrës - Faqja Zyrtare

Plazhi i Kallmit është një nga plazhet më të mëdha dhe më të popullarizuara të Durrësit, i njohur për rërën e tij të imët dhe të artë dhe ujërat e...

Bashkia Durrës - Faqja Zyrtare
