{"id":3301,"date":"2025-11-13T13:15:44","date_gmt":"2025-11-13T13:15:44","guid":{"rendered":"https:\/\/daco.al\/visitdurres\/?post_type=old_door&#038;p=3301"},"modified":"2025-11-13T13:42:13","modified_gmt":"2025-11-13T13:42:13","slug":"familja-nushi","status":"publish","type":"old_door","link":"https:\/\/daco.al\/visitdurres\/index.php\/shtegu-dyerve\/familja-nushi\/","title":{"rendered":"Familja Nushi"},"content":{"rendered":"\n<p>Dikur tregtar n\u00eb vende t\u00eb ndryshme si Itali, Greqi e gjetk\u00eb djali me origjin\u00eb nga Berati, Jani Nushi vendoste rr\u00ebnj\u00ebt e tij n\u00eb Durr\u00ebs.<\/p>\n\n\n\n<p>Si nj\u00eb familje e madhe me tet\u00eb f\u00ebmij\u00eb, pasardh\u00ebsit e tij do t\u00eb fitonin profesione sa n\u00eb farmaci ashtu edhe n\u00eb arkitektur\u00eb, ekonomi, m\u00ebsuesi, dhe sport.<\/p>\n\n\n\n<p>Nd\u00ebrmjet luft\u00ebs, pla\u00e7kitjes dhe lakmis\u00eb vila transformohet n\u00eb fillimet e 1916 her\u00eb n\u00eb spital e her\u00eb si vendstrehim nga forcat austro-hungareze.<\/p>\n\n\n\n<p>Dikur nj\u00eb banes\u00eb ikonike, e mbushur me ecjet e z\u00ebrat e familjar\u00ebve e nip\u00ebrve q\u00eb luanin n\u00eb oborrin e saj, tashm\u00eb gjendet e braktisur, e zbrazur, pa e ditur fatin e saj t\u00eb ardhsh\u00ebm.<\/p>\n\n\n\n<p><strong>Karakteristikat Arkitekturore:<\/strong><\/p>\n\n\n\n<ul class=\"wp-block-list\">\n<li>Dera dhe portat me <strong>punime druri dhe elemente guri<\/strong><\/li>\n\n\n\n<li>Ballkone t\u00eb vogla me <strong>hekur t\u00eb rrahur<\/strong><\/li>\n\n\n\n<li>Nd\u00ebrtes\u00eb me <strong>ndarje simetrike dhe hap\u00ebsira t\u00eb brendshme t\u00eb bollshme<\/strong><\/li>\n\n\n\n<li>Oborr i madh q\u00eb dikur sh\u00ebrbente si vend <strong>loje dhe takimesh familjare<\/strong><\/li>\n<\/ul>\n\n\n\n<p><strong>R\u00ebnd\u00ebsia Kulturore:<\/strong><br>Vila e Familjes Nushi p\u00ebrfaq\u00ebson <strong>jet\u00ebn qytetare dhe tregtare t\u00eb Durr\u00ebsit<\/strong> n\u00eb fillim t\u00eb shekullit XX dhe d\u00ebshmon <strong>bashk\u00ebjetes\u00ebn mes familjes dhe qytetit<\/strong>. Ajo \u00ebsht\u00eb nj\u00eb d\u00ebshmi e historis\u00eb s\u00eb qytetit, p\u00ebrdorimeve t\u00eb ndryshme gjat\u00eb periudhave t\u00eb v\u00ebshtira dhe roli i familjeve tregtare n\u00eb zhvillimin urban dhe social t\u00eb Durr\u00ebsit.<\/p>\n","protected":false},"excerpt":{"rendered":"<p>Dikur tregtar n\u00eb vende t\u00eb ndryshme si Itali, Greqi e gjetk\u00eb djali me origjin\u00eb nga Berati, Jani Nushi vendoste rr\u00ebnj\u00ebt e tij n\u00eb Durr\u00ebs. Si nj\u00eb familje e madhe me&#8230;<\/p>\n","protected":false},"featured_media":3302,"template":"","meta":{"_monsterinsights_skip_tracking":false,"_monsterinsights_sitenote_active":false,"_monsterinsights_sitenote_note":"","_monsterinsights_sitenote_category":0},"location":[],"old_door_category":[],"old_door_tag":[],"class_list":["post-3301","old_door","type-old_door","status-publish","has-post-thumbnail","hentry"],"yoast_head":"<!-- This site is optimized with the Yoast SEO plugin v26.3 - https:\/\/yoast.com\/wordpress\/plugins\/seo\/ -->\n<title>Familja Nushi | Bashkia Durr\u00ebs - Faqja Zyrtare<\/title>\n<meta name=\"robots\" content=\"index, follow, max-snippet:-1, max-image-preview:large, max-video-preview:-1\" \/>\n<link rel=\"canonical\" href=\"https:\/\/daco.al\/visitdurres\/index.php\/shtegu-dyerve\/familja-nushi\/\" \/>\n<meta property=\"og:locale\" content=\"en_US\" \/>\n<meta property=\"og:type\" content=\"article\" \/>\n<meta property=\"og:title\" content=\"Familja Nushi | Bashkia Durr\u00ebs - Faqja Zyrtare\" \/>\n<meta property=\"og:description\" content=\"Dikur tregtar n\u00eb vende t\u00eb ndryshme si Itali, Greqi e gjetk\u00eb djali me origjin\u00eb nga Berati, Jani Nushi vendoste rr\u00ebnj\u00ebt e tij n\u00eb Durr\u00ebs. Si nj\u00eb familje e madhe me...\" \/>\n<meta property=\"og:url\" content=\"https:\/\/daco.al\/visitdurres\/index.php\/shtegu-dyerve\/familja-nushi\/\" \/>\n<meta property=\"og:site_name\" content=\"Bashkia Durr\u00ebs - Faqja Zyrtare\" \/>\n<meta property=\"article:modified_time\" content=\"2025-11-13T13:42:13+00:00\" \/>\n<meta property=\"og:image\" content=\"https:\/\/daco.al\/visitdurres\/wp-content\/uploads\/2025\/11\/WhatsApp-Image-2023-07-28-at-10.05.17-7.jpeg\" \/>\n\t<meta property=\"og:image:width\" content=\"900\" \/>\n\t<meta property=\"og:image:height\" content=\"1600\" \/>\n\t<meta property=\"og:image:type\" content=\"image\/jpeg\" \/>\n<meta name=\"twitter:card\" content=\"summary_large_image\" \/>\n<meta name=\"twitter:label1\" content=\"Est. reading time\" \/>\n\t<meta name=\"twitter:data1\" content=\"2 minutes\" \/>\n<script type=\"application\/ld+json\" class=\"yoast-schema-graph\">{\"@context\":\"https:\/\/schema.org\",\"@graph\":[{\"@type\":\"WebPage\",\"@id\":\"https:\/\/daco.al\/visitdurres\/index.php\/shtegu-dyerve\/familja-nushi\/\",\"url\":\"https:\/\/daco.al\/visitdurres\/index.php\/shtegu-dyerve\/familja-nushi\/\",\"name\":\"Familja Nushi | Bashkia Durr\u00ebs - Faqja Zyrtare\",\"isPartOf\":{\"@id\":\"https:\/\/daco.al\/visitdurres\/#website\"},\"primaryImageOfPage\":{\"@id\":\"https:\/\/daco.al\/visitdurres\/index.php\/shtegu-dyerve\/familja-nushi\/#primaryimage\"},\"image\":{\"@id\":\"https:\/\/daco.al\/visitdurres\/index.php\/shtegu-dyerve\/familja-nushi\/#primaryimage\"},\"thumbnailUrl\":\"https:\/\/daco.al\/visitdurres\/wp-content\/uploads\/2025\/11\/WhatsApp-Image-2023-07-28-at-10.05.17-7.jpeg\",\"datePublished\":\"2025-11-13T13:15:44+00:00\",\"dateModified\":\"2025-11-13T13:42:13+00:00\",\"breadcrumb\":{\"@id\":\"https:\/\/daco.al\/visitdurres\/index.php\/shtegu-dyerve\/familja-nushi\/#breadcrumb\"},\"inLanguage\":\"en-US\",\"potentialAction\":[{\"@type\":\"ReadAction\",\"target\":[\"https:\/\/daco.al\/visitdurres\/index.php\/shtegu-dyerve\/familja-nushi\/\"]}]},{\"@type\":\"ImageObject\",\"inLanguage\":\"en-US\",\"@id\":\"https:\/\/daco.al\/visitdurres\/index.php\/shtegu-dyerve\/familja-nushi\/#primaryimage\",\"url\":\"https:\/\/daco.al\/visitdurres\/wp-content\/uploads\/2025\/11\/WhatsApp-Image-2023-07-28-at-10.05.17-7.jpeg\",\"contentUrl\":\"https:\/\/daco.al\/visitdurres\/wp-content\/uploads\/2025\/11\/WhatsApp-Image-2023-07-28-at-10.05.17-7.jpeg\",\"width\":900,\"height\":1600,\"caption\":\"familja-nushi\"},{\"@type\":\"BreadcrumbList\",\"@id\":\"https:\/\/daco.al\/visitdurres\/index.php\/shtegu-dyerve\/familja-nushi\/#breadcrumb\",\"itemListElement\":[{\"@type\":\"ListItem\",\"position\":1,\"name\":\"Home\",\"item\":\"https:\/\/daco.al\/visitdurres\/\"},{\"@type\":\"ListItem\",\"position\":2,\"name\":\"Shtegu i Dyerve\",\"item\":\"https:\/\/daco.al\/visitdurres\/index.php\/shtegu-dyerve\/\"},{\"@type\":\"ListItem\",\"position\":3,\"name\":\"Familja Nushi\"}]},{\"@type\":\"WebSite\",\"@id\":\"https:\/\/daco.al\/visitdurres\/#website\",\"url\":\"https:\/\/daco.al\/visitdurres\/\",\"name\":\"Visitdurres\",\"description\":\"Vizitoni Durresin\",\"publisher\":{\"@id\":\"https:\/\/daco.al\/visitdurres\/#organization\"},\"potentialAction\":[{\"@type\":\"SearchAction\",\"target\":{\"@type\":\"EntryPoint\",\"urlTemplate\":\"https:\/\/daco.al\/visitdurres\/?s={search_term_string}\"},\"query-input\":{\"@type\":\"PropertyValueSpecification\",\"valueRequired\":true,\"valueName\":\"search_term_string\"}}],\"inLanguage\":\"en-US\"},{\"@type\":\"Organization\",\"@id\":\"https:\/\/daco.al\/visitdurres\/#organization\",\"name\":\"Visitdurres\",\"url\":\"https:\/\/daco.al\/visitdurres\/\",\"logo\":{\"@type\":\"ImageObject\",\"inLanguage\":\"en-US\",\"@id\":\"https:\/\/daco.al\/visitdurres\/#\/schema\/logo\/image\/\",\"url\":\"https:\/\/daco.al\/visitdurres\/wp-content\/uploads\/2023\/07\/cropped-durres-logo-2.png\",\"contentUrl\":\"https:\/\/daco.al\/visitdurres\/wp-content\/uploads\/2023\/07\/cropped-durres-logo-2.png\",\"width\":456,\"height\":250,\"caption\":\"Visitdurres\"},\"image\":{\"@id\":\"https:\/\/daco.al\/visitdurres\/#\/schema\/logo\/image\/\"}}]}<\/script>\n<!-- \/ Yoast SEO plugin. -->","yoast_head_json":{"title":"Familja Nushi | Bashkia Durr\u00ebs - Faqja Zyrtare","robots":{"index":"index","follow":"follow","max-snippet":"max-snippet:-1","max-image-preview":"max-image-preview:large","max-video-preview":"max-video-preview:-1"},"canonical":"https:\/\/daco.al\/visitdurres\/index.php\/shtegu-dyerve\/familja-nushi\/","og_locale":"en_US","og_type":"article","og_title":"Familja Nushi | Bashkia Durr\u00ebs - Faqja Zyrtare","og_description":"Dikur tregtar n\u00eb vende t\u00eb ndryshme si Itali, Greqi e gjetk\u00eb djali me origjin\u00eb nga Berati, Jani Nushi vendoste rr\u00ebnj\u00ebt e tij n\u00eb Durr\u00ebs. Si nj\u00eb familje e madhe me...","og_url":"https:\/\/daco.al\/visitdurres\/index.php\/shtegu-dyerve\/familja-nushi\/","og_site_name":"Bashkia Durr\u00ebs - Faqja Zyrtare","article_modified_time":"2025-11-13T13:42:13+00:00","og_image":[{"width":900,"height":1600,"url":"https:\/\/daco.al\/visitdurres\/wp-content\/uploads\/2025\/11\/WhatsApp-Image-2023-07-28-at-10.05.17-7.jpeg","type":"image\/jpeg"}],"twitter_card":"summary_large_image","twitter_misc":{"Est. reading time":"2 minutes"},"schema":{"@context":"https:\/\/schema.org","@graph":[{"@type":"WebPage","@id":"https:\/\/daco.al\/visitdurres\/index.php\/shtegu-dyerve\/familja-nushi\/","url":"https:\/\/daco.al\/visitdurres\/index.php\/shtegu-dyerve\/familja-nushi\/","name":"Familja Nushi | Bashkia Durr\u00ebs - Faqja Zyrtare","isPartOf":{"@id":"https:\/\/daco.al\/visitdurres\/#website"},"primaryImageOfPage":{"@id":"https:\/\/daco.al\/visitdurres\/index.php\/shtegu-dyerve\/familja-nushi\/#primaryimage"},"image":{"@id":"https:\/\/daco.al\/visitdurres\/index.php\/shtegu-dyerve\/familja-nushi\/#primaryimage"},"thumbnailUrl":"https:\/\/daco.al\/visitdurres\/wp-content\/uploads\/2025\/11\/WhatsApp-Image-2023-07-28-at-10.05.17-7.jpeg","datePublished":"2025-11-13T13:15:44+00:00","dateModified":"2025-11-13T13:42:13+00:00","breadcrumb":{"@id":"https:\/\/daco.al\/visitdurres\/index.php\/shtegu-dyerve\/familja-nushi\/#breadcrumb"},"inLanguage":"en-US","potentialAction":[{"@type":"ReadAction","target":["https:\/\/daco.al\/visitdurres\/index.php\/shtegu-dyerve\/familja-nushi\/"]}]},{"@type":"ImageObject","inLanguage":"en-US","@id":"https:\/\/daco.al\/visitdurres\/index.php\/shtegu-dyerve\/familja-nushi\/#primaryimage","url":"https:\/\/daco.al\/visitdurres\/wp-content\/uploads\/2025\/11\/WhatsApp-Image-2023-07-28-at-10.05.17-7.jpeg","contentUrl":"https:\/\/daco.al\/visitdurres\/wp-content\/uploads\/2025\/11\/WhatsApp-Image-2023-07-28-at-10.05.17-7.jpeg","width":900,"height":1600,"caption":"familja-nushi"},{"@type":"BreadcrumbList","@id":"https:\/\/daco.al\/visitdurres\/index.php\/shtegu-dyerve\/familja-nushi\/#breadcrumb","itemListElement":[{"@type":"ListItem","position":1,"name":"Home","item":"https:\/\/daco.al\/visitdurres\/"},{"@type":"ListItem","position":2,"name":"Shtegu i Dyerve","item":"https:\/\/daco.al\/visitdurres\/index.php\/shtegu-dyerve\/"},{"@type":"ListItem","position":3,"name":"Familja Nushi"}]},{"@type":"WebSite","@id":"https:\/\/daco.al\/visitdurres\/#website","url":"https:\/\/daco.al\/visitdurres\/","name":"Visitdurres","description":"Vizitoni Durresin","publisher":{"@id":"https:\/\/daco.al\/visitdurres\/#organization"},"potentialAction":[{"@type":"SearchAction","target":{"@type":"EntryPoint","urlTemplate":"https:\/\/daco.al\/visitdurres\/?s={search_term_string}"},"query-input":{"@type":"PropertyValueSpecification","valueRequired":true,"valueName":"search_term_string"}}],"inLanguage":"en-US"},{"@type":"Organization","@id":"https:\/\/daco.al\/visitdurres\/#organization","name":"Visitdurres","url":"https:\/\/daco.al\/visitdurres\/","logo":{"@type":"ImageObject","inLanguage":"en-US","@id":"https:\/\/daco.al\/visitdurres\/#\/schema\/logo\/image\/","url":"https:\/\/daco.al\/visitdurres\/wp-content\/uploads\/2023\/07\/cropped-durres-logo-2.png","contentUrl":"https:\/\/daco.al\/visitdurres\/wp-content\/uploads\/2023\/07\/cropped-durres-logo-2.png","width":456,"height":250,"caption":"Visitdurres"},"image":{"@id":"https:\/\/daco.al\/visitdurres\/#\/schema\/logo\/image\/"}}]}},"_links":{"self":[{"href":"https:\/\/daco.al\/visitdurres\/index.php\/wp-json\/wp\/v2\/old_door\/3301","targetHints":{"allow":["GET"]}}],"collection":[{"href":"https:\/\/daco.al\/visitdurres\/index.php\/wp-json\/wp\/v2\/old_door"}],"about":[{"href":"https:\/\/daco.al\/visitdurres\/index.php\/wp-json\/wp\/v2\/types\/old_door"}],"wp:featuredmedia":[{"embeddable":true,"href":"https:\/\/daco.al\/visitdurres\/index.php\/wp-json\/wp\/v2\/media\/3302"}],"wp:attachment":[{"href":"https:\/\/daco.al\/visitdurres\/index.php\/wp-json\/wp\/v2\/media?parent=3301"}],"wp:term":[{"taxonomy":"location","embeddable":true,"href":"https:\/\/daco.al\/visitdurres\/index.php\/wp-json\/wp\/v2\/location?post=3301"},{"taxonomy":"old_door_category","embeddable":true,"href":"https:\/\/daco.al\/visitdurres\/index.php\/wp-json\/wp\/v2\/old_door_category?post=3301"},{"taxonomy":"old_door_tag","embeddable":true,"href":"https:\/\/daco.al\/visitdurres\/index.php\/wp-json\/wp\/v2\/old_door_tag?post=3301"}],"curies":[{"name":"wp","href":"https:\/\/api.w.org\/{rel}","templated":true}]}}

<p>Dikur tregtar në vende të ndryshme si Itali, Greqi e gjetkë djali me origjinë nga Berati, Jani Nushi vendoste rrënjët e tij në Durrës.</p>



<p>Si një familje e madhe me tetë fëmijë, pasardhësit e tij do të fitonin profesione sa në farmaci ashtu edhe në arkitekturë, ekonomi, mësuesi, dhe sport.</p>



<p>Ndërmjet luftës, plaçkitjes dhe lakmisë vila transformohet në fillimet e 1916 herë në spital e herë si vendstrehim nga forcat austro-hungareze.</p>



<p>Dikur një banesë ikonike, e mbushur me ecjet e zërat e familjarëve e nipërve që luanin në oborrin e saj, tashmë gjendet e braktisur, e zbrazur, pa e ditur fatin e saj të ardhshëm.</p>



<p><strong>Karakteristikat Arkitekturore:</strong></p>



<ul class="wp-block-list">
<li>Dera dhe portat me <strong>punime druri dhe elemente guri</strong></li>



<li>Ballkone të vogla me <strong>hekur të rrahur</strong></li>



<li>Ndërtesë me <strong>ndarje simetrike dhe hapësira të brendshme të bollshme</strong></li>



<li>Oborr i madh që dikur shërbente si vend <strong>loje dhe takimesh familjare</strong></li>
</ul>



<p><strong>Rëndësia Kulturore:</strong><br>Vila e Familjes Nushi përfaqëson <strong>jetën qytetare dhe tregtare të Durrësit</strong> në fillim të shekullit XX dhe dëshmon <strong>bashkëjetesën mes familjes dhe qytetit</strong>. Ajo është një dëshmi e historisë së qytetit, përdorimeve të ndryshme gjatë periudhave të vështira dhe roli i familjeve tregtare në zhvillimin urban dhe social të Durrësit.</p>

<p>Dikur tregtar në vende të ndryshme si Itali, Greqi e gjetkë djali me origjinë nga Berati, Jani Nushi vendoste rrënjët e tij në Durrës. Si një familje e madhe me&#8230;</p>

<!-- This site is optimized with the Yoast SEO plugin v26.3 - https://yoast.com/wordpress/plugins/seo/ -->
<title>Familja Nushi | Bashkia Durrës - Faqja Zyrtare</title>
<meta name="robots" content="index, follow, max-snippet:-1, max-image-preview:large, max-video-preview:-1" />
<link rel="canonical" href="https://daco.al/visitdurres/index.php/shtegu-dyerve/familja-nushi/" />
<meta property="og:locale" content="en_US" />
<meta property="og:type" content="article" />
<meta property="og:title" content="Familja Nushi | Bashkia Durrës - Faqja Zyrtare" />
<meta property="og:description" content="Dikur tregtar në vende të ndryshme si Itali, Greqi e gjetkë djali me origjinë nga Berati, Jani Nushi vendoste rrënjët e tij në Durrës. Si një familje e madhe me..." />
<meta property="og:url" content="https://daco.al/visitdurres/index.php/shtegu-dyerve/familja-nushi/" />
<meta property="og:site_name" content="Bashkia Durrës - Faqja Zyrtare" />
<meta property="article:modified_time" content="2025-11-13T13:42:13+00:00" />
<meta property="og:image" content="https://daco.al/visitdurres/wp-content/uploads/2025/11/WhatsApp-Image-2023-07-28-at-10.05.17-7.jpeg" />
	<meta property="og:image:width" content="900" />
	<meta property="og:image:height" content="1600" />
	<meta property="og:image:type" content="image/jpeg" />
<meta name="twitter:card" content="summary_large_image" />
<meta name="twitter:label1" content="Est. reading time" />
	<meta name="twitter:data1" content="2 minutes" />
<script type="application/ld+json" class="yoast-schema-graph">{"@context":"https://schema.org","@graph":[{"@type":"WebPage","@id":"https://daco.al/visitdurres/index.php/shtegu-dyerve/familja-nushi/","url":"https://daco.al/visitdurres/index.php/shtegu-dyerve/familja-nushi/","name":"Familja Nushi | Bashkia Durrës - Faqja Zyrtare","isPartOf":{"@id":"https://daco.al/visitdurres/#website"},"primaryImageOfPage":{"@id":"https://daco.al/visitdurres/index.php/shtegu-dyerve/familja-nushi/#primaryimage"},"image":{"@id":"https://daco.al/visitdurres/index.php/shtegu-dyerve/familja-nushi/#primaryimage"},"thumbnailUrl":"https://daco.al/visitdurres/wp-content/uploads/2025/11/WhatsApp-Image-2023-07-28-at-10.05.17-7.jpeg","datePublished":"2025-11-13T13:15:44+00:00","dateModified":"2025-11-13T13:42:13+00:00","breadcrumb":{"@id":"https://daco.al/visitdurres/index.php/shtegu-dyerve/familja-nushi/#breadcrumb"},"inLanguage":"en-US","potentialAction":[{"@type":"ReadAction","target":["https://daco.al/visitdurres/index.php/shtegu-dyerve/familja-nushi/"]}]},{"@type":"ImageObject","inLanguage":"en-US","@id":"https://daco.al/visitdurres/index.php/shtegu-dyerve/familja-nushi/#primaryimage","url":"https://daco.al/visitdurres/wp-content/uploads/2025/11/WhatsApp-Image-2023-07-28-at-10.05.17-7.jpeg","contentUrl":"https://daco.al/visitdurres/wp-content/uploads/2025/11/WhatsApp-Image-2023-07-28-at-10.05.17-7.jpeg","width":900,"height":1600,"caption":"familja-nushi"},{"@type":"BreadcrumbList","@id":"https://daco.al/visitdurres/index.php/shtegu-dyerve/familja-nushi/#breadcrumb","itemListElement":[{"@type":"ListItem","position":1,"name":"Home","item":"https://daco.al/visitdurres/"},{"@type":"ListItem","position":2,"name":"Shtegu i Dyerve","item":"https://daco.al/visitdurres/index.php/shtegu-dyerve/"},{"@type":"ListItem","position":3,"name":"Familja Nushi"}]},{"@type":"WebSite","@id":"https://daco.al/visitdurres/#website","url":"https://daco.al/visitdurres/","name":"Visitdurres","description":"Vizitoni Durresin","publisher":{"@id":"https://daco.al/visitdurres/#organization"},"potentialAction":[{"@type":"SearchAction","target":{"@type":"EntryPoint","urlTemplate":"https://daco.al/visitdurres/?s={search_term_string}"},"query-input":{"@type":"PropertyValueSpecification","valueRequired":true,"valueName":"search_term_string"}}],"inLanguage":"en-US"},{"@type":"Organization","@id":"https://daco.al/visitdurres/#organization","name":"Visitdurres","url":"https://daco.al/visitdurres/","logo":{"@type":"ImageObject","inLanguage":"en-US","@id":"https://daco.al/visitdurres/#/schema/logo/image/","url":"https://daco.al/visitdurres/wp-content/uploads/2023/07/cropped-durres-logo-2.png","contentUrl":"https://daco.al/visitdurres/wp-content/uploads/2023/07/cropped-durres-logo-2.png","width":456,"height":250,"caption":"Visitdurres"},"image":{"@id":"https://daco.al/visitdurres/#/schema/logo/image/"}}]}</script>
<!-- / Yoast SEO plugin. -->

Familja Nushi | Bashkia Durrës - Faqja Zyrtare

Dikur tregtar në vende të ndryshme si Itali, Greqi e gjetkë djali me origjinë nga Berati, Jani Nushi vendoste rrënjët e tij në Durrës. Si një familje e madhe me...

Bashkia Durrës - Faqja Zyrtare
